Let n(t) = t**3 + 12*t**2 - 12*t + 15. Let j be n(-13). Suppose 32 = -2*a + 3*a - 2*d, j*d = 2*a - 70. List the prime factors of a.
2, 19
Let p(v) be the third derivative of -v**6/60 - v**5/30 - v**4/12 + v**3/3 + 2*v**2. Let l be p(3). What are the prime factors of l/(-6) - (-2)/6?
13
Suppose -7*p - 9*p + 3888 = 0. List the prime factors of p.
3
Let x(p) = 5*p**3 - p**2 - 2*p - 3. Let b(o) = 14*o**3 - 4*o**2 - 7*o - 9. Let k(z) = -6*b(z) + 17*x(z). Let y = -20 + 15. What are the prime factors of k(y)?
13
Let z = 9 + 1. Let w be ((-12)/z)/(6/80). Let y = 26 + w. List the prime factors of y.
2, 5
What are the prime factors of (-718)/(-14) - 0 - (-6)/(-21)?
3, 17
Suppose -3*a + y + 272 = 0, -5*y = 3*a - 14 - 264. What are the prime factors of a?
7, 13
Let k be (-62)/(-2)*(-10 + 7). Let w = -60 - k. List the prime factors of w.
3, 11
Let j(v) = 3*v + 1. Let n be j(1). Suppose h + n = r + 10, -2*h + 9 = -r. Let k = r + 7. List the prime factors of k.
2
Suppose -5*q + 25 = 2*g, 0 = -4*q + 3*g - 4 + 24. Let a(t) = -6*t - 1. Let o(m) = m - 1. Let k(s) = -a(s) - 5*o(s). List the prime factors of k(q).
11
List the prime factors of (2 - -7)/(-3) + 85.
2, 41
Let q be 0/(-1) + 4/2. Suppose -q*k + 2*v = -18, 3*k + 2 = 4*v + 34. What are the prime factors of (k/(-6))/(4/(-36))?
2, 3
Let u = 4 - -77. Suppose u = 4*t + m, -5*t + m = -t - 71. Suppose 3*s - t - 23 = 0. What are the prime factors of s?
2, 7
Let f = -59 - -84. What are the prime factors of f?
5
Let p = -65 + 39. Let y = p - -49. List the prime factors of y.
23
Let l(y) = y**2 + 11*y + 10. Let u be l(-9). Let g = 23 + u. List the prime factors of g.
3, 5
Let h(w) = -8*w**3 - 2*w**2 + 3*w + 4. Let i be h(-2). Let b = -20 + i. What are the prime factors of b?
2, 17
Suppose -3*l + 25 = -8*l, -h = -4*l - 92. What are the prime factors of h?
2, 3
Suppose 0 = -c + 45 - 13. Suppose -5*l + c + 18 = 0. List the prime factors of l.
2, 5
List the prime factors of 183 - 0 - (-81)/27.
2, 3, 31
Suppose 100 = 2*z - 4*h, 4*z + 0*h = -5*h + 187. Suppose -c + 5*c = z. What are the prime factors of c?
2, 3
Suppose -10 = -3*n - 4. Suppose j = -4*j + n*d + 97, j - 33 = -3*d. List the prime factors of j.
3, 7
List the prime factors of 18/(-36)*(-5)/2*24.
2, 3, 5
Suppose -2*d - 2*u + 10 = 0, -5*u = -d - 7 - 6. Suppose 3*i = -d*t + 94, -2*t - 3*t = 5*i - 225. What are the prime factors of t?
41
Suppose -u - 12 = -5*u. Suppose 0 = l - 3*r - 28, u*r = -11 + 2. What are the prime factors of l?
19
Suppose -16 = -4*a + 4. Let v = -7 + a. What are the prime factors of (51/6*v)/(-1)?
17
Let l be 14/(-4)*(0 + -2). Suppose 0*c + 2*c = w + 4, -c = -5*w + l. What are the prime factors of c?
3
Let h be (0 + -1)*(2 - 1). Suppose i - 2*i + 4 = -3*g, 0 = -3*g + 2*i - 2. List the prime factors of h/(g*(-3)/(-84)).
2, 7
Let a be 1 - -31 - (-2 - -1). Let m = a - 17. List the prime factors of m.
2
Suppose -4*n - 10 = -2*l, -2*n = -l - 4*n - 11. List the prime factors of 7 + -1*6/l.
3
Let q be (-7 - -10)*4/6. Suppose 5*t - 5*n - 155 = 0, -n = -q*t - 2*n + 53. Suppose t + 27 = 5*x. List the prime factors of x.
11
Let j = 14 - 9. Suppose -j*i - 18 = -6*i. Suppose -i - 1 = -c. What are the prime factors of c?
19
Suppose 86 = 2*i + 28. What are the prime factors of i?
29
Suppose 4*p - 302 = -5*o - 72, -4*o - 5*p = -193. What are the prime factors of o?
2, 3, 7
Let a = 57 + -25. List the prime factors of a.
2
Let o(h) = -17*h - 39. What are the prime factors of o(-13)?
2, 7, 13
Suppose -m = 4*l + 12, m - 5*l - 10 = 23. Let a = m + -4. List the prime factors of a.
2
Suppose 0 = -8*s + 3*s - f + 12, -5*s - 5*f = 0. Suppose -3*a + 4*a - 3*u + 19 = 0, 0 = 2*a - s*u + 23. What are the prime factors of -1 + (-1 - a*1)?
2
Suppose -d - 2 = 0, 18 = -3*i + 4*i - 4*d. What are the prime factors of 2/i + (-645)/(-25)?
2, 13
Suppose -42 = 5*n + 2*s, s = -5*n + 4*s - 37. Let c = -13 - 1. Let x = n - c. List the prime factors of x.
2, 3
Let t(v) = -3*v**3 + 12*v**2 + 2*v + 7. Let a(z) = 8*z**3 - 35*z**2 - 5*z - 20. Let g(l) = -4*a(l) - 11*t(l). List the prime factors of g(-8).
19
Let y(u) be the third derivative of u**5/15 + u**4/8 + 5*u**2. What are the prime factors of y(-3)?
3
Suppose 5 = c, 4*r + 22 = 4*c + 6. Let n be 5/5 - (r - 4). Let g = n + 0. What are the prime factors of g?
2
Let i = 275 + -385. What are the prime factors of 2*2/(-10)*i?
2, 11
Suppose 0 = -r + 16 + 10. Let v = r + -5. List the prime factors of v.
3, 7
Suppose -993 = 30*p - 33*p. List the prime factors of p.
331
Suppose -11*t = -4862 + 1001. What are the prime factors of t?
3, 13
Let y = -3 + 18. Suppose 2*l = -0*l + 48. Let i = l - y. List the prime factors of i.
3
Suppose -p + 73 = t + 3*p, 4*p = -5*t + 301. List the prime factors of t.
3, 19
Let i(z) = -z**3 + 3*z**2 + 4. Let x be i(4). Let l be 3/(-3)*-2 - x. What are the prime factors of (60/35)/(2/l)?
2, 3
List the prime factors of 10101/156 + 1*1/4.
5, 13
Suppose -5*t + 5 = -r, -2*t = t - 2*r - 10. Let f(q) = 6*q**2 - 1. Let d be f(-1). Suppose t*x + 50 = d*x. List the prime factors of x.
2, 5
Suppose 1 = -c, 4*n - 5*c = -0*n + 677. List the prime factors of n.
2, 3, 7
Let c(w) = -w - 3. Suppose -15 = 4*k - i, 5*i - i = -4*k - 40. Let d be c(k). Suppose 0 = -f - d*a + 7, 5*f - 22 = -3*a - 1. What are the prime factors of f?
3
Suppose i + b - 23 = 0, -2 = -4*b + 6. What are the prime factors of i?
3, 7
Suppose 4*p + 4*i + 156 = 0, -p - 5*i + 21 = -2*p. What are the prime factors of 1/(105/p - -3)?
2, 3
Let c be (-6)/4*(-12)/9. Suppose -3*v + c*v + 25 = 0. Let n = v + -14. List the prime factors of n.
11
What are the prime factors of ((-2)/5)/((-2)/160)?
2
Let f be 2*(1/(-2))/1. Let q be 5/(-2) - f/2. Let h = 1 - q. What are the prime factors of h?
3
Let g(h) = -2*h + 35. What are the prime factors of g(13)?
3
Let s = 51 + -34. Suppose 4*v - s = 3*v. Suppose 4*l = -o + v, o - 20 = -l - 4*l. What are the prime factors of o?
5
Let i(s) = s**2 + s - 1. Let r(w) = -12*w**2 - 7*w + 7. Let m(j) = -5*i(j) - r(j). List the prime factors of m(2).
2, 3, 5
Let c(f) = -f**3 + 10*f**2 + 2*f - 4. List the prime factors of c(10).
2
Suppose 1 - 17 = -4*m. Suppose -26 + 10 = -m*z. What are the prime factors of z?
2
Let j = -3 + 3. Suppose 0 = -2*q - 5*o + o - 6, j = 4*o + 16. List the prime factors of q.
5
Let m be (44/(-6) + 2)*-3. Suppose 4*a - m = c + 2, -5*c = -a + 14. Suppose -a*f = f - 35. List the prime factors of f.
7
Let s(b) = b**2 + 4*b + 3. Let h be s(-4). What are the prime factors of h + -3*22/(-6)?
2, 7
What are the prime factors of (-3)/(-9) + 28/6?
5
Suppose -v + 4*v - 3 = 0, -4*c + 3*v = -9. Let w(d) be the first derivative of d**4/4 - 2*d**3/3 - 4*d + 2. List the prime factors of w(c).
5
Let p be (-140)/(-18) - (-4)/18. Let t be (p*(-2 - -1))/(-1). Let b = -4 + t. What are the prime factors of b?
2
Suppose -30*u - 252 = -33*u. What are the prime factors of u?
2, 3, 7
Let j = -206 + 370. List the prime factors of j.
2, 41
Suppose 3*f + 4*i - 50 = 0, -6*i = -5*f - 2*i + 126. List the prime factors of f.
2, 11
Let a(i) = -i + 6. Let h be a(7). List the prime factors of (-12)/(-14)*(-7)/h.
2, 3
Let v(g) = 11*g**2 - g. List the prime factors of v(1).
2, 5
Let j(s) = 2*s**3 - 4*s**2 - 4*s - 7. List the prime factors of j(5).
3, 41
Let z = 93 + -59. Suppose -5*y = 4 - z. What are the prime factors of y?
2, 3
Suppose 4*i + 5*a = 12, 3*i - 2*a - 2 - 7 = 0. Suppose i*h + h = 4*t, -h = 4*t + 20. What are the prime factors of (t + 4/(-2))*-2?
2, 3
Let m(k) = -k + 8. List the prime factors of m(-7).
3, 5
Let f be (-34)/(-4) - 6/12. Suppose 4*u - f*u = -80. Suppose -q = q - u. What are the prime factors of q?
2, 5
Suppose -50 = 5*k + 5*m, -k - 32 = 3*k + 2*m. Let w be 3/(6*(-3)/168). What are the prime factors of w/k - 2/(-6)?
5
Let y(u) = -5*u**2 - 3*u - 10. Let q(r) = r**2 + r + 1. Let w(k) = -4*q(k) - y(k). Let i be (-1)/4 - 1/(-4). What are the prime factors of w(i)?
2, 3
Let m = 60 + -30. List the prime factors of 15*-4*(-3)/m.
2, 3
Suppose -12 - 23 = -i. What are the prime factors of i?
5, 7
What are the prime factors of 5/((-20)/(-16)) + 0?
2
Suppose -4*t - 2*x + x = -40, -2 = -2*t + 4*x. Let w(c) = c**3 - 10*c**2 + 9*c + 10. What are the prime factors of w(t)?
2, 5
Suppose -4*k - 64 + 256 = 0. What are the prime factors of k?
2